hat is the greatest common divisor of 8 and d?
4
Let d(x) = -x**2 + x - 32. Let i be d(0). Let z = i + 140. Let k(l) = -l**2 - 7*l + 6. Let b be k(-6). Calculate the highest common factor of z and b.
12
Let j(q) = -6*q - 10. Suppose 4 = -2*f - 4*n + 2, -13 = 3*f - 4*n. Let x be j(f). What is the highest common divisor of x and 40?
8
Let x be 8/((-2)/2) - 1. Let z be 18/x*37/2. Let s = z + 47. What is the greatest common divisor of s and 90?
10
Let h = -140 - -142. Calculate the greatest common factor of 48 and h.
2
Let o(f) = -f**2 + 23*f - 39. Let c be o(18). Calculate the highest common divisor of c and 85.
17
Suppose 5*h = 226 - 61. What is the greatest common factor of 55 and h?
11
Let b be (-664)/(-136) + (-2)/(-17). Suppose b*w = 4*j - 183, -36 = j - 2*j - 2*w. What is the greatest common factor of 56 and j?
14
Let q be (1/(1/(-6)))/(-1) + 202. What is the highest common divisor of 130 and q?
26
Suppose 0 = -13*h + 271 + 834. What is the greatest common divisor of h and 10?
5
Let b = 377 - 309. What is the highest common divisor of 442 and b?
34
Let q(g) = g**3 - 3*g**2 + 4*g - 15. Let d = 106 - 102. Let c be q(d). What is the highest common factor of 68 and c?
17
Suppose 0 = 13*u - 1590 - 503. Calculate the highest common divisor of u and 92.
23
Let t(n) = -42*n. Let b be t(-1). Suppose 0 = -3*x - 18 + b. Suppose 17 = 4*a - 3, -5*k - 3*a + 75 = 0. Calculate the highest common factor of k and x.
4
Suppose 25*v - 49*v = -8160. What is the greatest common divisor of v and 40?
20
Let x = -451 + 477. What is the greatest common factor of x and 143?
13
Let i(j) = 31*j + 160. Let n be i(-4). Calculate the highest common factor of 48 and n.
12
Suppose -2*u + 58 = 5*d, 2*d + 3*d - 46 = u. Calculate the greatest common factor of 160 and d.
10
Let m = -78 - -165. What is the greatest common divisor of m and 58?
29
Let u(y) = y**2 + y + 4. Let k be u(4). Calculate the highest common factor of k and 184.
8
Let y = -76 - -182. Suppose 4*m + a - 64 - y = 0, 3*a = -5*m + 216. Calculate the highest common divisor of m and 462.
42
Suppose -12*r + 1458 = 1266. What is the highest common factor of 176 and r?
16
Let v(c) be the second derivative of c**3 - 2*c. Suppose -37*i - 84 = -44*i. Let k be v(i). What is the highest common factor of 12 and k?
12
Let m(k) be the first derivative of 27*k + 3 - 1/2*k**2. Let v be m(0). What is the highest common factor of v and 9?
9
Let w be (-2 - -50)*10/30. Let o be 16*(4 - (-4)/(-2)). Calculate the greatest common factor of o and w.
16
Suppose 4*b + 5*l - 376 = 0, -l = -0 + 4. What is the highest common divisor of 33 and b?
33
Suppose -18*x = -x - 2822. Let v = 242 - x. Calculate the highest common factor of v and 114.
38
Suppose -2*s + 5*j - 14 = 0, -5*j - 1 + 5 = 3*s. Let c be 2/(-4) + (-49)/s. Let t be (-9)/(-4) + (-6)/c. Calculate the greatest common factor of 8 and t.
2
Suppose 5*d + 4*y = 75, 5*d - 68 = -5*y + 2. What is the highest common divisor of 589 and d?
19
Let f = -86 - -144. Calculate the highest common factor of f and 2.
2
Let o be 42/((-45)/(-12) + -3). Let v = o + 16. Calculate the highest common divisor of 9 and v.
9
Suppose 18*t = 12*t - 24. Let z(y) = 4*y**2 - 2. Let p(f) = f**2 - 1. Let i(u) = 5*p(u) - z(u). Let l be i(t). Calculate the greatest common factor of l and 13.
13
Let l(p) = p**3 + 39*p**2 + 109*p + 52. Let d be l(-36). Calculate the greatest common divisor of 272 and d.
16
Let b(u) = u**3 - u + 20. Let p be b(0). Let m = -454 - -458. What is the greatest common factor of p and m?
4
Suppose o = -0*o. Suppose 4*s + 0*m = -m + 12, -4*m = 2*s - 20. Suppose 7*n - s*n - 30 = o. What is the highest common factor of n and 24?
6
Suppose 0 = -24*z + 28*z - 12. Suppose 2*s + 154 = z*l - 115, 4*l - 4*s - 356 = 0. Calculate the highest common divisor of 13 and l.
13
Suppose -2*u + 7*u - 115 = 0. Suppose 24 + u = w - d, -5*w - 5*d = -265. Calculate the highest common factor of w and 5.
5
Let h(u) = u**3 + 33*u**2 + 19*u - 110. Let z be h(-32). What is the highest common factor of 85 and z?
17
Suppose 3*u = u - 2*w + 4, w - 10 = -5*u. Let b be 885/20 + u/(-8). What is the highest common divisor of 11 and b?
11
Let f(d) = 85*d. Let q be f(1). Let y = -4 - -21. Let n be (y/(-2))/((-1)/2). Calculate the greatest common divisor of q and n.
17
Suppose 0 = -6*o - 10 + 40. Let d = 17 + 13. Calculate the highest common divisor of o and d.
5
Let d(u) = u**3 + 24*u**2 + 42*u - 29. Let k be d(-22). What is the highest common divisor of k and 900?
15
Suppose -3*d + 220 = 7*p - 2*p, 0 = -2*p - 8. Calculate the greatest common divisor of d and 120.
40
Let y(h) = h**3 + 5*h**2 - 3*h + 5. Let o be y(-5). Let g(c) = -c + 26. Let n be g(16). Let p = n + -5. Calculate the highest common divisor of p and o.
5
Let r(b) = -b**3 - b + 1. Let t(y) = 4*y**3 + 8*y**2 + 11*y - 11. Let c(q) = 5*r(q) + t(q). Let p be c(8). What is the highest common divisor of p and 7?
7
Let y(g) = -g + 14. Let q(r) = -r**3 - r**2 - r + 14. Let x be q(0). Let p be y(x). Suppose -u = -p*u - 29. Calculate the greatest common divisor of 203 and u.
29
Suppose 3*u + 15*o = 10*o + 106, 0 = -2*u + 5*o + 54. What is the highest common divisor of u and 12?
4
Let q(u) = -u**3 + 17*u**2 + 3*u - 33. Let t be q(17). Suppose 996 = 5*j - 2*r, 579 = 3*j + 4*r + r. What is the highest common factor of j and t?
18
Suppose 28*k - 105 = 35. What is the greatest common divisor of k and 85?
5
Let v(r) be the third derivative of r**5/10 - 7*r**4/24 - 11*r**3/6 + 42*r**2. Let s be v(5). Calculate the greatest common factor of 156 and s.
52
Suppose 5*n - 2*d - 797 = 0, n - 5*n - 3*d + 633 = 0. Let j = n + -93. Calculate the highest common divisor of j and 11.
11
Let o(d) = d**3 - 6*d**2 + 19*d - 42. Let p be o(5). Calculate the greatest common factor of p and 378.
14
Let t be 242/4 - 10/(-4). What is the greatest common factor of t and 9?
9
Let p be 96 + 27/36*-4. Calculate the greatest common divisor of p and 93.
93
Suppose -10 = 2*v + 18. Let w be (126/(-147))/(2/v). What is the greatest common divisor of 6 and w?
6
Let o = -22 + 24. Suppose -o*p - 6 = 0, -3*v - 57 = 2*p + 60. Let u = v + 59. Calculate the greatest common divisor of 110 and u.
22
Suppose -r + 79 = 3*c, 5*c - 4*c - 53 = 5*r. Let t be 3*-1 + 0 - (2 - 12). Calculate the greatest common factor of c and t.
7
Suppose 3*h - 1920 = -13*h. Calculate the highest common factor of 15 and h.
15
Suppose 4*g = 5*u - 66, -12 = -2*u + 5*g - 7*g. What is the highest common factor of 290 and u?
10
Let m be (-1463)/(-161) + (-6)/69. What is the greatest common divisor of 39 and m?
3
Let a(c) = -c**2 - 6*c - 3. Let h be a(-3). Let b(g) = -g**3 + 8*g**2 - 2*g - 20. Let q be b(h). What is the greatest common factor of q and 40?
40
Let q(s) = 9*s**2 - 10*s - 4. Let c be q(-4). Calculate the highest common factor of c and 72.
36
Suppose -4*j + 7*j - 321 = 0. Suppose -3*r + j = -61. Let h be -15 + -1 + 24 - 0. Calculate the greatest common divisor of h and r.
8
Let c be (1/(-3))/(18/(-864)). Suppose -39 = -n + c. What is the highest common factor of n and 5?
5
Suppose 5*b + 4*i - 559 = 5*i, -b + 115 = 3*i. What is the greatest common factor of b and 28?
28
Let y be 9/18*(1 + 11). Suppose -y*v = -207 - 243. Calculate the highest common divisor of v and 15.
15
Suppose 5*s = 6*s + 14. Let b be (s/(-21))/((-2)/(-21)). Suppose -2*d + b = -11. What is the highest common factor of 1 and d?
1
Suppose -57 = 4*m - 269. Suppose 3*p + 5*s = 2*s - 60, -3 = 3*s. Let j = p + m. What is the highest common factor of j and 17?
17
Let i be ((-126)/(-15))/(1/15). Suppose -i - 322 = -4*l. Suppose 3*p = p + l. Calculate the greatest common factor of 8 and p.
8
Let h = -30 + 50. Let k be (30*1/(-9))/(1/(-7))*6. What is the greatest common divisor of h and k?
20
Let i be 9/15 + 48/20 + 14. Suppose l - 1 = 4*p, 5*p - 71 = 4*l - 7*l. What is the highest common divisor of i and l?
17
Let a be -85 + -2 + -3 + 0. Let y = a + 162. Let g(p) = -3*p + 3. Let r be g(-3). What is the highest common divisor of r and y?
12
Let o = 35 - 32. Let b be 87/9 - (-1)/o. Calculate the greatest common factor of 4 and b.
2
Suppose 0 = 2*c - 3*a - 162, -2*c - 164 = -4*c + 2*a. Calculate the highest common factor of 21 and c.
21
Suppose -o + 11 - 2 = 0. Suppose w + o =